{"id":648,"date":"2022-06-05T18:22:10","date_gmt":"2022-06-05T15:22:10","guid":{"rendered":"https:\/\/saquares.org\/2023\/?page_id=648"},"modified":"2024-02-14T12:55:32","modified_gmt":"2024-02-14T09:55:32","slug":"call-for-papers","status":"publish","type":"page","link":"https:\/\/saquares.org\/2023\/call-for-papers\/","title":{"rendered":"CALL FOR PAPERS"},"content":{"rendered":"\t\t<div data-elementor-type=\"wp-page\" data-elementor-id=\"648\" class=\"elementor elementor-648\">\n\t\t\t\t\t\t<section class=\"elementor-section elementor-top-section elementor-element elementor-element-8566309 elementor-section-boxed elementor-section-height-default elementor-section-height-default elementor-invisible\" data-id=\"8566309\" data-element_type=\"section\" data-e-type=\"section\" data-settings=\"{&quot;animation&quot;:&quot;slideInUp&quot;}\">\n\t\t\t\t\t\t\t<div class=\"elementor-background-overlay\"><\/div>\n\t\t\t\t\t\t\t<div class=\"elementor-container elementor-column-gap-default\">\n\t\t\t\t\t<div class=\"elementor-column elementor-col-100 elementor-top-column elementor-element elementor-element-e894ccc\" data-id=\"e894ccc\" data-element_type=\"column\" data-e-type=\"column\">\n\t\t\t<div class=\"elementor-widget-wrap elementor-element-populated\">\n\t\t\t\t\t\t<div class=\"elementor-element elementor-element-f460793 elementor-widget elementor-widget-heading\" data-id=\"f460793\" data-element_type=\"widget\" data-e-type=\"widget\" data-widget_type=\"heading.default\">\n\t\t\t\t<div class=\"elementor-widget-container\">\n\t\t\t\t\t<h2 class=\"elementor-heading-title elementor-size-default\">CALL FOR PAPERS<\/h2>\t\t\t\t<\/div>\n\t\t\t\t<\/div>\n\t\t\t\t\t<\/div>\n\t\t<\/div>\n\t\t\t\t\t<\/div>\n\t\t<\/section>\n\t\t\t\t<section class=\"elementor-section elementor-top-section elementor-element elementor-element-afcc3f8 elementor-section-boxed elementor-section-height-default elementor-section-height-default\" data-id=\"afcc3f8\" data-element_type=\"section\" data-e-type=\"section\">\n\t\t\t\t\t\t<div class=\"elementor-container elementor-column-gap-default\">\n\t\t\t\t\t<div class=\"elementor-column elementor-col-100 elementor-top-column elementor-element elementor-element-f245ac2\" data-id=\"f245ac2\" data-element_type=\"column\" data-e-type=\"column\">\n\t\t\t<div class=\"elementor-widget-wrap elementor-element-populated\">\n\t\t\t\t\t\t<div class=\"elementor-element elementor-element-7c11983 elementor-widget elementor-widget-text-editor\" data-id=\"7c11983\" data-element_type=\"widget\" data-e-type=\"widget\" data-widget_type=\"text-editor.default\">\n\t\t\t\t<div class=\"elementor-widget-container\">\n\t\t\t\t\t\t\t\t\t<p style=\"text-align: justify; background: white;\"><span style=\"font-style: inherit; font-weight: inherit; color: var(--ast-global-color-3); font-size: 12pt; background-color: var(--ast-global-color-4);\">\u00a0<\/span><\/p><p style=\"text-align: justify;\"><span lang=\"EN-US\" style=\"font-size: 12.0pt; line-height: 107%; mso-bidi-font-family: Calibri; mso-bidi-theme-font: minor-latin; mso-ansi-language: EN-US; mso-bidi-font-weight: bold;\">Dear Scientists,<\/span><\/p><p style=\"text-align: justify;\"><span style=\"font-size: 12pt; font-style: inherit; font-weight: inherit; background-color: var(--ast-global-color-4); color: var(--ast-global-color-3);\">Science progresses only by sharing, and socio-cultural interaction can only be moved forward by being together. Communicating between people around the world can make significant contributions to preventing regional and global conflicts.<\/span><\/p><p style=\"text-align: justify;\"><b style=\"font-style: inherit; background-color: var(--ast-global-color-4);\"><span lang=\"EN-US\" style=\"font-size: 12.0pt; line-height: 107%; mso-bidi-font-family: Calibri; mso-bidi-theme-font: minor-latin; mso-ansi-language: EN-US;\">WATER<\/span><\/b><span lang=\"EN-US\" style=\"font-style: inherit; font-weight: inherit; background-color: var(--ast-global-color-4); font-size: 12pt; line-height: 107%;\">, which is limited in quantity on our planet, is an indispensable element of all living organisms, and is the most valuable treasure that should be emphasized in terms of the sustainability of a healthy life on earth. The protection and sustainable management of water resources is a strategic value that should be emphasized not only among nations but also in the intercontinental communication network.<\/span><\/p><p style=\"text-align: justify;\"><span lang=\"EN-US\" style=\"font-size: 12.0pt; line-height: 107%; mso-bidi-font-family: Calibri; mso-bidi-theme-font: minor-latin; mso-ansi-language: EN-US; mso-bidi-font-weight: bold;\">Therefore, collaboration of the humanity is vital to create action plans on water management within the framework of international cooperation and common sense.<\/span><\/p><p style=\"text-align: justify;\"><span lang=\"EN-US\" style=\"font-size: 12.0pt; line-height: 107%; mso-bidi-font-family: Calibri; mso-bidi-theme-font: minor-latin; mso-ansi-language: EN-US; mso-bidi-font-weight: bold;\">We wish to see you at the International Sustainable Aquatic Research Symposium and have a say on the &#8220;<\/span><b><span lang=\"EN-US\" style=\"font-size: 12.0pt; line-height: 107%; mso-bidi-font-family: Calibri; mso-bidi-theme-font: minor-latin; mso-ansi-language: EN-US;\">Future of Water<\/span><\/b><span lang=\"EN-US\" style=\"font-size: 12.0pt; line-height: 107%; mso-bidi-font-family: Calibri; mso-bidi-theme-font: minor-latin; mso-ansi-language: EN-US; mso-bidi-font-weight: bold;\">&#8220;.<\/span><\/p><p style=\"text-align: justify;\"><span lang=\"EN-US\" style=\"font-style: inherit; font-weight: inherit; background-color: var(--ast-global-color-4); font-size: 12pt; line-height: 107%;\">\u00a0<\/span><span style=\"font-style: inherit; font-weight: inherit; background-color: var(--ast-global-color-4); font-family: 'Segoe UI', sans-serif; font-size: 10pt; color: var(--ast-global-color-3);\">Note: Abstract or full text of accepted presentations\u00a0can\u00a0be published in\u00a0<\/span><u style=\"font-style: inherit; font-weight: inherit; background-color: var(--ast-global-color-4); font-family: 'Segoe UI', sans-serif; font-size: 10pt; color: var(--ast-global-color-3);\">e-book of symposium proceeding<\/u><span style=\"font-style: inherit; font-weight: inherit; background-color: var(--ast-global-color-4); font-family: 'Segoe UI', sans-serif; font-size: 10pt; color: var(--ast-global-color-3);\">\u00a0(with ISBN)\u00a0or can be\u00a0published in one of the following international symposium journals such as\u00a0<\/span><span style=\"font-style: inherit; background-color: var(--ast-global-color-4); font-weight: bold; font-family: 'Segoe UI', sans-serif; font-size: 10pt; color: var(--ast-global-color-3);\">&#8220;<a href=\"http:\/\/www.saquares.com\/\">Sustainable Aquatic Research<\/a><\/span><span style=\"font-style: inherit; background-color: var(--ast-global-color-4); font-weight: bold; font-family: 'Segoe UI', sans-serif; font-size: 10pt; color: var(--ast-global-color-3);\">&#8221;\u00a0<\/span><span style=\"font-style: inherit; font-weight: inherit; background-color: var(--ast-global-color-4); font-family: 'Segoe UI', sans-serif; font-size: 10pt; color: var(--ast-global-color-3);\">following editorial and peer-viewed evaluation.<\/span><\/p><p style=\"font-size: 15px; font-style: normal; font-weight: 400; text-align: justify; background: white;\">\u00a0<\/p><h2 class=\"elementor-heading-title elementor-size-default elementor-inline-editing pen\" style=\"font-size: 2.26667rem; font-style: normal; margin-bottom: 0px; color: #262664;\" data-elementor-setting-key=\"title\" data-pen-placeholder=\"Buraya yaz...\">Register now!<\/h2><p style=\"font-size: 15px; font-style: normal; font-weight: 400; text-align: justify;\"><span style=\"font-size: 12pt; line-height: 17.12px;\">\u00a0<\/span><\/p><p style=\"font-size: 15px; font-style: normal; font-weight: 400; text-align: justify;\"><span style=\"font-size: 12pt; line-height: 17.12px;\">De\u011ferli Bilim \u0130nsanlar\u0131,<\/span><\/p><p style=\"font-size: 15px; font-style: normal; font-weight: 400; text-align: justify;\"><span style=\"font-size: 12pt; font-style: inherit; font-weight: inherit; background-color: var(--ast-global-color-4); color: var(--ast-global-color-3);\">Bilim, ancak payla\u015ft\u0131k\u00e7a ilerler, sosyo-k\u00fclt\u00fcrel etkile\u015fim de ancak birlikte daha ileriye ta\u015f\u0131nabilir. D\u00fcnyada insanlar\u0131n birbiriyle \u0130leti\u015fim halinde olmas\u0131 b\u00f6lgesel ve k\u00fcresel \u00e7at\u0131\u015fmalar\u0131n \u00f6nlenmesine \u00f6nemli katk\u0131lar sa\u011flayabilir.<\/span><\/p><p style=\"font-size: 15px; font-style: normal; font-weight: 400; text-align: justify;\"><span style=\"background-color: var(--ast-global-color-4); font-size: 12pt; line-height: 17.12px;\">Gezegenimizde s\u0131n\u0131rl\u0131 miktarda olan\u00a0<\/span><span style=\"background-color: var(--ast-global-color-4); font-weight: bold;\"><span style=\"font-size: 12pt; line-height: 17.12px;\">SU<\/span><\/span><span style=\"background-color: var(--ast-global-color-4); font-size: 12pt; line-height: 17.12px;\">, ba\u015fta insan olmak \u00fczere t\u00fcm canl\u0131 ya\u015fam\u0131n\u0131n vazge\u00e7ilmez unsuru olup, yery\u00fcz\u00fcnde sa\u011fl\u0131kl\u0131 ya\u015fam\u0131n s\u00fcrd\u00fcr\u00fclebilirli\u011fi a\u00e7\u0131s\u0131ndan \u00fczerinde durulmas\u0131 gereken en de\u011ferli hazinedir. Su kaynaklar\u0131n\u0131n korunmas\u0131 ve s\u00fcrd\u00fcr\u00fclebilir y\u00f6netimi sadece uluslar\u0131n de\u011fil, k\u0131talararas\u0131 \u0130leti\u015fim a\u011f\u0131nda \u00f6nemle \u00fczerinde durulmas\u0131 gereken stratejik bir de\u011ferdir.<\/span><\/p><p style=\"font-size: 15px; font-style: normal; font-weight: 400; text-align: justify;\"><span style=\"font-size: 12pt; line-height: 17.12px;\">Bu nedenle insanl\u0131\u011f\u0131n g\u00f6revi, uluslararas\u0131 i\u015fbirli\u011fi ile sa\u011fduyu \u00e7er\u00e7evesinde suyun y\u00f6netimi hususunda ortak \u00e7al\u0131\u015fma ve birlikte hareket edilecek eylem planlar\u0131n\u0131n olu\u015fturulmas\u0131n\u0131n elzem oldu\u011fu bir ger\u00e7ektir.<\/span><\/p><p style=\"font-size: 15px; font-style: normal; font-weight: 400; text-align: justify;\"><span style=\"font-size: 12pt; line-height: 17.12px;\">Siz de\u011ferli Bilim insanlar\u0131n\u0131n \u201cUluslararas\u0131 S\u00fcrd\u00fcr\u00fclebilir Su Ara\u015ft\u0131rmalar\u0131 Sempozyumunda\u201d bir araya gelerek, \u201c<\/span><span style=\"font-weight: bold;\"><span style=\"font-size: 12pt; line-height: 17.12px;\">Suyun Gelece\u011fi<\/span><\/span><span style=\"font-size: 12pt; line-height: 17.12px;\">\u201d \u00fczerinde s\u00f6z sahibi olman\u0131z\u0131 arzu ederiz.<\/span><span style=\"background-color: var(--ast-global-color-4); font-size: 12pt;\">\u00a0<\/span><\/p><p style=\"font-size: 15px; font-style: normal; font-weight: 400; text-align: justify;\">\u00a0<\/p><ul><li style=\"list-style-type: none;\">\u00a0<\/li><\/ul>\t\t\t\t\t\t\t\t<\/div>\n\t\t\t\t<\/div>\n\t\t\t\t\t<\/div>\n\t\t<\/div>\n\t\t\t\t\t<\/div>\n\t\t<\/section>\n\t\t\t\t<\/div>\n\t\t","protected":false},"excerpt":{"rendered":"<p>CALL FOR PAPERS \u00a0 Dear Scientists, Science progresses only by sharing, and socio-cultural interaction can only be moved forward by being together. Communicating between people around the world can make significant contributions to preventing regional and global conflicts. WATER, which is limited in quantity on our planet, is an indispensable element of all living organisms, [&hellip;]<\/p>\n","protected":false},"author":1,"featured_media":0,"parent":0,"menu_order":0,"comment_status":"closed","ping_status":"closed","template":"elementor_theme","meta":{"site-sidebar-layout":"no-sidebar","site-content-layout":"plain-container","ast-site-content-layout":"default","site-content-style":"default","site-sidebar-style":"default","ast-global-header-display":"","ast-banner-title-visibility":"","ast-main-header-display":"","ast-hfb-above-header-display":"","ast-hfb-below-header-display":"","ast-hfb-mobile-header-display":"","site-post-title":"disabled","ast-breadcrumbs-content":"","ast-featured-img":"disabled","footer-sml-layout":"","theme-transparent-header-meta":"enabled","adv-header-id-meta":"","stick-header-meta":"","header-above-stick-meta":"","header-main-stick-meta":"","header-below-stick-meta":"","astra-migrate-meta-layouts":"default","ast-page-background-enabled":"default","ast-page-background-meta":{"desktop":{"background-color":"","background-image":"","background-repeat":"repeat","background-position":"center center","background-size":"auto","background-attachment":"scroll","background-type":"","background-media":"","overlay-type":"","overlay-color":"","overlay-opacity":"","overlay-gradient":""},"tablet":{"background-color":"","background-image":"","background-repeat":"repeat","background-position":"center center","background-size":"auto","background-attachment":"scroll","background-type":"","background-media":"","overlay-type":"","overlay-color":"","overlay-opacity":"","overlay-gradient":""},"mobile":{"background-color":"","background-image":"","background-repeat":"repeat","background-position":"center center","background-size":"auto","background-attachment":"scroll","background-type":"","background-media":"","overlay-type":"","overlay-color":"","overlay-opacity":"","overlay-gradient":""}},"ast-content-background-meta":{"desktop":{"background-color":"var(--ast-global-color-5)","background-image":"","background-repeat":"repeat","background-position":"center center","background-size":"auto","background-attachment":"scroll","background-type":"","background-media":"","overlay-type":"","overlay-color":"","overlay-opacity":"","overlay-gradient":""},"tablet":{"background-color":"var(--ast-global-color-5)","background-image":"","background-repeat":"repeat","background-position":"center center","background-size":"auto","background-attachment":"scroll","background-type":"","background-media":"","overlay-type":"","overlay-color":"","overlay-opacity":"","overlay-gradient":""},"mobile":{"background-color":"var(--ast-global-color-5)","background-image":"","background-repeat":"repeat","background-position":"center center","background-size":"auto","background-attachment":"scroll","background-type":"","background-media":"","overlay-type":"","overlay-color":"","overlay-opacity":"","overlay-gradient":""}},"footnotes":""},"class_list":["post-648","page","type-page","status-publish","hentry"],"yoast_head":"<!-- This site is optimized with the Yoast SEO plugin v27.3 - https:\/\/yoast.com\/product\/yoast-seo-wordpress\/ -->\n<title>CALL FOR PAPERS - Sustainable Aquatic Research<\/title>\n<meta name=\"robots\" content=\"index, follow, max-snippet:-1, max-image-preview:large, max-video-preview:-1\" \/>\n<link rel=\"canonical\" href=\"https:\/\/saquares.org\/2023\/call-for-papers\/\" \/>\n<meta property=\"og:locale\" content=\"tr_TR\" \/>\n<meta property=\"og:type\" content=\"article\" \/>\n<meta property=\"og:title\" content=\"CALL FOR PAPERS - Sustainable Aquatic Research\" \/>\n<meta property=\"og:description\" content=\"CALL FOR PAPERS \u00a0 Dear Scientists, Science progresses only by sharing, and socio-cultural interaction can only be moved forward by being together. Communicating between people around the world can make significant contributions to preventing regional and global conflicts. WATER, which is limited in quantity on our planet, is an indispensable element of all living organisms, [&hellip;]\" \/>\n<meta property=\"og:url\" content=\"https:\/\/saquares.org\/2023\/call-for-papers\/\" \/>\n<meta property=\"og:site_name\" content=\"Sustainable Aquatic Research\" \/>\n<meta property=\"article:modified_time\" content=\"2024-02-14T09:55:32+00:00\" \/>\n<meta name=\"twitter:card\" content=\"summary_large_image\" \/>\n<meta name=\"twitter:label1\" content=\"Tahmini okuma s\u00fcresi\" \/>\n\t<meta name=\"twitter:data1\" content=\"2 dakika\" \/>\n<script type=\"application\/ld+json\" class=\"yoast-schema-graph\">{\"@context\":\"https:\\\/\\\/schema.org\",\"@graph\":[{\"@type\":\"WebPage\",\"@id\":\"https:\\\/\\\/saquares.org\\\/2023\\\/call-for-papers\\\/\",\"url\":\"https:\\\/\\\/saquares.org\\\/2023\\\/call-for-papers\\\/\",\"name\":\"CALL FOR PAPERS - Sustainable Aquatic Research\",\"isPartOf\":{\"@id\":\"https:\\\/\\\/saquares.org\\\/2023\\\/#website\"},\"datePublished\":\"2022-06-05T15:22:10+00:00\",\"dateModified\":\"2024-02-14T09:55:32+00:00\",\"breadcrumb\":{\"@id\":\"https:\\\/\\\/saquares.org\\\/2023\\\/call-for-papers\\\/#breadcrumb\"},\"inLanguage\":\"tr\",\"potentialAction\":[{\"@type\":\"ReadAction\",\"target\":[\"https:\\\/\\\/saquares.org\\\/2023\\\/call-for-papers\\\/\"]}]},{\"@type\":\"BreadcrumbList\",\"@id\":\"https:\\\/\\\/saquares.org\\\/2023\\\/call-for-papers\\\/#breadcrumb\",\"itemListElement\":[{\"@type\":\"ListItem\",\"position\":1,\"name\":\"Anasayfa\",\"item\":\"https:\\\/\\\/saquares.org\\\/2023\\\/\"},{\"@type\":\"ListItem\",\"position\":2,\"name\":\"CALL FOR PAPERS\"}]},{\"@type\":\"WebSite\",\"@id\":\"https:\\\/\\\/saquares.org\\\/2023\\\/#website\",\"url\":\"https:\\\/\\\/saquares.org\\\/2023\\\/\",\"name\":\"Sustainable Aquatic Research\",\"description\":\"International Symposium\",\"potentialAction\":[{\"@type\":\"SearchAction\",\"target\":{\"@type\":\"EntryPoint\",\"urlTemplate\":\"https:\\\/\\\/saquares.org\\\/2023\\\/?s={search_term_string}\"},\"query-input\":{\"@type\":\"PropertyValueSpecification\",\"valueRequired\":true,\"valueName\":\"search_term_string\"}}],\"inLanguage\":\"tr\"}]}<\/script>\n<!-- \/ Yoast SEO plugin. -->","yoast_head_json":{"title":"CALL FOR PAPERS - Sustainable Aquatic Research","robots":{"index":"index","follow":"follow","max-snippet":"max-snippet:-1","max-image-preview":"max-image-preview:large","max-video-preview":"max-video-preview:-1"},"canonical":"https:\/\/saquares.org\/2023\/call-for-papers\/","og_locale":"tr_TR","og_type":"article","og_title":"CALL FOR PAPERS - Sustainable Aquatic Research","og_description":"CALL FOR PAPERS \u00a0 Dear Scientists, Science progresses only by sharing, and socio-cultural interaction can only be moved forward by being together. Communicating between people around the world can make significant contributions to preventing regional and global conflicts. WATER, which is limited in quantity on our planet, is an indispensable element of all living organisms, [&hellip;]","og_url":"https:\/\/saquares.org\/2023\/call-for-papers\/","og_site_name":"Sustainable Aquatic Research","article_modified_time":"2024-02-14T09:55:32+00:00","twitter_card":"summary_large_image","twitter_misc":{"Tahmini okuma s\u00fcresi":"2 dakika"},"schema":{"@context":"https:\/\/schema.org","@graph":[{"@type":"WebPage","@id":"https:\/\/saquares.org\/2023\/call-for-papers\/","url":"https:\/\/saquares.org\/2023\/call-for-papers\/","name":"CALL FOR PAPERS - Sustainable Aquatic Research","isPartOf":{"@id":"https:\/\/saquares.org\/2023\/#website"},"datePublished":"2022-06-05T15:22:10+00:00","dateModified":"2024-02-14T09:55:32+00:00","breadcrumb":{"@id":"https:\/\/saquares.org\/2023\/call-for-papers\/#breadcrumb"},"inLanguage":"tr","potentialAction":[{"@type":"ReadAction","target":["https:\/\/saquares.org\/2023\/call-for-papers\/"]}]},{"@type":"BreadcrumbList","@id":"https:\/\/saquares.org\/2023\/call-for-papers\/#breadcrumb","itemListElement":[{"@type":"ListItem","position":1,"name":"Anasayfa","item":"https:\/\/saquares.org\/2023\/"},{"@type":"ListItem","position":2,"name":"CALL FOR PAPERS"}]},{"@type":"WebSite","@id":"https:\/\/saquares.org\/2023\/#website","url":"https:\/\/saquares.org\/2023\/","name":"Sustainable Aquatic Research","description":"International Symposium","potentialAction":[{"@type":"SearchAction","target":{"@type":"EntryPoint","urlTemplate":"https:\/\/saquares.org\/2023\/?s={search_term_string}"},"query-input":{"@type":"PropertyValueSpecification","valueRequired":true,"valueName":"search_term_string"}}],"inLanguage":"tr"}]}},"_links":{"self":[{"href":"https:\/\/saquares.org\/2023\/wp-json\/wp\/v2\/pages\/648","targetHints":{"allow":["GET"]}}],"collection":[{"href":"https:\/\/saquares.org\/2023\/wp-json\/wp\/v2\/pages"}],"about":[{"href":"https:\/\/saquares.org\/2023\/wp-json\/wp\/v2\/types\/page"}],"author":[{"embeddable":true,"href":"https:\/\/saquares.org\/2023\/wp-json\/wp\/v2\/users\/1"}],"replies":[{"embeddable":true,"href":"https:\/\/saquares.org\/2023\/wp-json\/wp\/v2\/comments?post=648"}],"version-history":[{"count":5,"href":"https:\/\/saquares.org\/2023\/wp-json\/wp\/v2\/pages\/648\/revisions"}],"predecessor-version":[{"id":4199,"href":"https:\/\/saquares.org\/2023\/wp-json\/wp\/v2\/pages\/648\/revisions\/4199"}],"wp:attachment":[{"href":"https:\/\/saquares.org\/2023\/wp-json\/wp\/v2\/media?parent=648"}],"curies":[{"name":"wp","href":"https:\/\/api.w.org\/{rel}","templated":true}]}}